ate c(p).
-7
Let x(d) = -d**2 + 2*d - 1. Let c = 0 - -3. Suppose c = -y + 2*y. Let i be (-2)/(y/(9/(-2))). Calculate x(i).
-4
Let l(y) = y - 7. Let v be 31/5 - 12/60. What is l(v)?
-1
Let v(l) = -l - 4. Let b(q) = -2*q - 8. Let i(r) = -2*b(r) + 5*v(r). Let k = 17 - 2. Suppose 10*x = k*x + 30. What is i(x)?
2
Let u(x) be the second derivative of -x**5/60 + 5*x**4/24 - 2*x**3/3 + x**2 - x. Let h(q) be the first derivative of u(q). What is h(3)?
2
Suppose d + 1 = -4*h, 0 = 3*d - 6*h + h - 14. Suppose 0 = -d*x - x. Let f(l) = l**3 - l**2 - l - 10. Determine f(x).
-10
Suppose -w = -4*w + 6. Let f(t) = t**3 - 2*t**2 + t - 2. What is f(w)?
0
Let t(q) be the second derivative of q**5/20 + q**4/3 - q**2/2 - 24*q. Determine t(-4).
-1
Let b(z) = 3*z + 4. Let m(o) = -2*o - 4. Let w(a) = -5*b(a) - 6*m(a). Let k(n) = 2*n - 3. Let x(y) = 7*k(y) + 6*w(y). What is x(2)?
-5
Suppose 2*i + 8 = 0, -y - 4*i - 9 - 5 = 0. Let z be 2/((-12)/(-9))*y. Suppose z*h = 2*h. Let a(p) = -p**3 - p**2 + p - 9. Determine a(h).
-9
Suppose c = 5, 7*c - 4*c - 15 = -3*z. Let j(l) = l**3 + l**2 - 3. What is j(z)?
-3
Let l(w) be the first derivative of w**3/3 - 3*w**2 + 3*w - 5. Calculate l(2).
-5
Let f be -3 - (2 - 5) - -2. Suppose f*b = b + 5. Let r(o) = -7*o + 1. Let c(m) = -8*m + 2. Let y(w) = b*r(w) - 4*c(w). Give y(-4).
9
Let q(r) be the third derivative of r**6/120 - r**5/60 - r**4/24 - r**3/3 - r**2. Let k(v) = 11*v - 3. Let y be k(2). Let x = y + -17. What is q(x)?
0
Suppose 0 = -4*s - 4. Let j(y) = 4*y**3 + 4*y**2 + 4*y - 8. Let f(t) = -t**3 - t + 1. Let c(l) = s*j(l) - 5*f(l). Give c(3).
-3
Let t(h) = 4*h**2 - h + 3. Let y(v) = 8*v**2 - v + 6. Let x(n) = -7*t(n) + 4*y(n). Determine x(-2).
13
Let h(a) be the second derivative of -a**5/20 + a**4/6 - a**3/2 + a**2 + a. Determine h(3).
-16
Suppose 3*x - 4*j = 5*x + 6, 0 = -5*x - 4*j + 3. Let v(h) = 5*h**2 + 1 - 4*h**2 - 3*h**2 - 3*h**x. Give v(-1).
2
Let q be (-1)/(6/72*3). Let c(y) = -y**3 - 5*y**2 + 4. Determine c(q).
-12
Let o(a) be the first derivative of -a**2 + 3*a + 7. What is o(2)?
-1
Let x(u) = -u**2 + 5*u + 7. Let j be x(7). Let r(q) = q + 5. Calculate r(j).
-2
Suppose -4*p + 0*y - 24 = -y, 37 = -5*p + 3*y. Let c(k) = -2 - 4*k**2 + 5*k**2 + 2*k + 2*k. What is c(p)?
3
Suppose 6 + 3 = 3*v. Suppose 0 = -3*c - 4*h + 15, 0*h - 8 = -5*c - h. Suppose -v*u - 13 = -c. Let i(w) = -2*w - 2. Determine i(u).
6
Let y(x) = 7*x**2 - 6*x + 5. Let g = 5 - 12. Let j(n) = -8*n**2 + 6*n - 5. Let f(o) = g*y(o) - 6*j(o). What is f(4)?
3
Let c(o) = 4*o + 0*o + 3 - 6*o. Let h(g) = 2*g**3 - 2*g**2 - 3*g + 2. Let b(f) = -f + 9. Let w be b(7). Let l be h(w). Give c(l).
-5
Suppose -a - 22 = 4*s - 3*a, -s + 4*a = 16. Let g(k) = -4*k**2 - 10. Let q(j) = j**2 + 1. Let z(w) = -g(w) - 5*q(w). Give z(s).
-11
Let x be 14/4 + 3/(-6). Let o(d) = d - 6 + 5 - x - 6. Suppose -2*a + 15 = a. Determine o(a).
-5
Let k be ((-3)/2)/(6/16). Let n be (-10)/k + (-2)/(-4). Let x(f) = 9*f - 8*f + 2 - 1. Give x(n).
4
Let z(i) = i + 1. Let f(d) = 8*d + 8. Let y(u) = f(u) - 4*z(u). Calculate y(-4).
-12
Let c(k) be the first derivative of -k**2/2 + 5*k - 3. Let f be c(6). Let i(o) = 8*o + 2*o - 3*o - 1. What is i(f)?
-8
Let t = -1 + -5. Let p be (t + 3)/(6/(-8)). Let b(c) = c**2 - 4*c - 3. Calculate b(p).
-3
Let y(c) = -5*c**3 + 6*c**2 + c + 8. Let u(x) = 0*x + 5*x + 6*x**3 - 7*x - 8 + x - 6*x**2. Let o(r) = 6*u(r) + 7*y(r). Give o(-6).
2
Suppose -30 = -5*x - 0. Let m(o) = 0*o - o**3 + o**2 + 5*o**2 - x*o + 3. Let t(f) = f**3 - 4*f**2 - 4*f - 1. Let z be t(5). Determine m(z).
11
Let b(c) = c**3 + 2*c**2 - 2*c + 1. Let y be b(1). Let l(o) = 2*o**3 - 3*o**2 + 2*o - 3. Give l(y).
5
Let k(q) = 2*q**2 - 6*q + 1. Suppose -5 = 5*g - 5*a, g + 2*a = 3 + 2. Let s = g - -3. Determine k(s).
9
Let z(s) = s**2 + 5*s + 1. Let d(w) = w - 3. Let k be d(-3). Let a = k + 10. Suppose -3*h + 5*h = a*f + 20, 3*h = -4*f - 20. Calculate z(f).
1
Let q(d) = -1 - 3*d**2 + d**2 + d**3 - d - 3*d**2. Let t be 20*5/(-20) - -5*2. Determine q(t).
-6
Let j be 2/(-4) - 10/4. Let n = -1 - j. Let s(c) = -3*c**3 + 2*c**3 + 0*c**3 - 4*c - 5*c**n. What is s(-4)?
0
Let o(v) = 1061 + 3*v**2 + 2*v**2 + 5*v - v**3 - 1056. Give o(6).
-1
Let h(b) = -b**3 + 6*b**2 - 6*b + 1. Let l be (-1)/(4/4) - -6. Suppose -a + 10 = -l*o + 31, -2*a + 18 = 2*o. Determine h(o).
-4
Let f(x) be the second derivative of -x**4/6 + x**3/3 - 3*x**2/2 - x. Let j(z) = -z**2 - 5*z - 1. Let k be j(-5). Let l = 1 - k. Calculate f(l).
-7
Let r(q) = -3*q - 3. Let t(f) = -5*f - 6. Let b(n) = -11*r(n) + 6*t(n). What is b(2)?
3
Let k(q) = -q + 5. Let b be k(5). Suppose 0 = 9*w - 0*w - 45. Let h = w + b. Let p(v) = v**2 - 4*v - 3. Calculate p(h).
2
Let u(c) = 15*c**2 - c. Suppose 2*r = -r + 3. What is u(r)?
14
Let f(l) be the second derivative of -1/2*l**2 - 1/20*l**5 - 1/3*l**3 - 1/4*l**4 + 0 + l. Determine f(-2).
-1
Let y(n) be the third derivative of 0 - 1/12*n**4 + 0*n + 1/60*n**5 - 2*n**2 - 1/6*n**3. Let o be (4 - 2)/((-8)/(-12)). Give y(o).
2
Let y(n) = -n**2 + 6*n - 4. Let i be (0 - 0/2) + -1. Let h = -2 - i. Let z = 5 + h. Give y(z).
4
Let g(x) = -5 - x + 3 + x**2 - 3*x. Let t(o) = -o**2 + 12*o - 30. Let k be t(7). What is g(k)?
3
Let g(d) = 7*d + 9. Let x(y) = -3*y - 5. Let t(r) = 2*g(r) + 5*x(r). Determine t(-6).
-1
Let g(q) = 4*q + 2. Let o(w) = -w**2 - 4*w - 3. Let s be o(-2). Let j be s/4 - (-52)/(-16). What is g(j)?
-10
Let t(i) be the first derivative of 0*i + 1/24*i**4 + 3 + 2/3*i**3 + 0*i**2 - 1/120*i**5. Let v(n) be the third derivative of t(n). What is v(-2)?
3
Let i(d) = -d**2 + 23*d - 27*d + 0 + 1. Give i(-3).
4
Let q be (-8)/10*(-10)/4. Let x(i) be the first derivative of -3*i**2/2 + 3*i + 1. Determine x(q).
-3
Let k = -7 - -9. Let g(y) = 3*y + 3 + y**2 - k*y - 6*y. Determine g(5).
3
Let s(p) be the first derivative of -4*p**3/3 - p**2/2 + p - 1. Suppose q = 6*q. Let c = 1 + q. Give s(c).
-4
Let a be 62/22 + 14/77. Let x(l) be the third derivative of 1/12*l**4 - a*l**2 + 0*l + 0 - 2/3*l**3. Calculate x(3).
2
Let u = 2 + -2. Let m = u - -5. Suppose -m*s - 35 = -5*z, z = 4*s + 18 + 1. Let o(x) = x + 4. What is o(s)?
0
Let x be -22*(21/(-6) - -3). Let l(s) = -11 + 19 - x - s. Let q = -2 - -2. Give l(q).
-3
Suppose -18 = 3*o + 3*j - 0, 6 = -2*o + j. Let p(t) = t**3 + 5*t**2 - 4. What is p(o)?
12
Suppose -3*f + f - 2*i = -14, 0 = -4*f - 2*i + 22. Suppose 6*r - f = 4*r. Let w(q) = q**3 - 3*q**2 - q. Determine w(r).
-6
Let o = -38 + 27. Let y(j) = -j + 1. Let x(r) = 7*r - 28. Let u(c) = x(c) + 21*y(c). Let g(s) = 5*s + 2. Let z(l) = o*g(l) - 4*u(l). Give z(-6).
0
Let p(i) = -10*i**3 - 15*i**2 + 14*i + 11. Let c(k) = -3*k**3 - 5*k**2 + 5*k + 4. Let r(w) = 7*c(w) - 2*p(w). Let m be (60/(-50))/((-2)/(-10)). Calculate r(m).
0
Let v(w) = -w + 1. Let c(h) = -h. Let l(s) = -3*c(s) - v(s). What is l(-5)?
-21
Let y(d) be the first derivative of 1/2*d**2 + 0*d - 1. Give y(6).
6
Suppose 1 = 5*i + 6. Let w(r) = 5*r + 1. Determine w(i).
-4
Suppose 2 = t - 2. Suppose 2*g = 2*m + 4, 0*m = t*m. Let n(b) = 3*b - 4*b - 5*b + 4*b. Determine n(g).
-4
Let r(z) be the second derivative of -2*z**4/3 + z**2/2 + z. Suppose -3*a = -3*d, 3*d + 4*a = 5*d + 6. Let p be (d/(-6))/((-1)/2). Determine r(p).
-7
Suppose -h - 14 = u - 5*h, 3*h - 7 = -u. Let r(m) = m. Let y(p) = -4*p + 1. Let o(i) = u*y(i) - 9*r(i). Give o(4).
-6
Let n(t) = -3*t + 6. Suppose 4*x + 3 = -1. Let z(g) = 3*g**3 + 2*g + 1. Let v be z(x). Let o(h) = -h**2 - 5*h + 1. Let j be o(v). Give n(j).
-9
Let r(y) = y + 5*y**3 + 2 - 3 + y. Let d = 14 - 13. Calculate r(d).
6
Let n(m) = -m**3 + 5*m**2 - 4*m + 6. Let x(f) = -6*f - 2. Let g be x(-1). Give n(g).
6
Let b be (-10)/(-6) - 3/(-9). Let w(q) = 3*q - 1 + 0 - b. What is w(3)?
6
Let t be (4/6)/((-3)/(-9)). Let c = t + 1. Let k(z) = 3*z + 1. Let a(n) = -n. Let i(d) = 14*a(d) + 4*k(d). What is i(c)?
-2
Let m = -16 + 19. Let t(w) = -26*w**m + 31*w**3 - 1 + 0. Calculate t(-1).
-6
Let i(f) = -f**2 - f + 1. Let t(x) = 7*x**2 + 4*x - 11. Let y(v) = 6*i(v) + t(v). Determine y(4).
3
Let w(l) = 3*l + 2. Let q be (-28)/7 - (2 - 9). Let r(f) = f**2 + 6*f - 6. Let h be r(-6). Let d = q + h. What is w(d)?
-7
Let x be 6/(-2) - (1 - 7). Let p(g) = g**2 - 5*g + 2. Let m be p(x). Let f(d) = -3*d + d**2 + 5*d + 1 + 4*d. Give f(m).
-7
Let p(l) = -l**3 - 5*l**2 + 5*l - 4